-10.
1
What is the value of 15 + -2 - (70 - 48)?
-9
Calculate (-18 - -8) + (6 - 2) + -4.
-10
Evaluate -22 - 1 - (-17 - 3).
-3
What is the value of (1 - -3) + -5 - (14 + -12) - -5?
2
What is 4 + 22 + 0 + (14 - 17)?
23
What is the value of (-65 - -118) + (-7 - 27)?
19
What is (-1 - -16) + -5 - (9 - -1)?
0
What is (-30 - (-18 + 6)) + -2 - 12?
-32
Evaluate 44 - (37 + 32 + -42).
17
What is -8 + 4 + (2 - -1) + (4 - 0)?
3
7 + -5 - (11 - (-11 + 8))
-12
162 - 146 - (-2 + -3 + 3)
18
Evaluate (-22 - (-6 + 8)) + -7 - -7.
-24
Evaluate -5 + -4 + -2 + 8 + -12.
-15
Calculate -15 - -8 - (-4 - (0 - -18)).
15
Calculate -2 + -8 + (2 - (2 + -4)) - 3.
-9
(-56 - ((-39 - -23) + (8 - 3))) + 10
-35
What is the value of (5 + -22 - 1) + 5 + -1?
-14
What is 0 + -3 + 20 + -6 + -15 + 15?
11
What is 0 + -2 + -4 + 10 + -4 + -6?
-6
Evaluate -2 + 40 + (17 - (35 - 8)).
28
1 - (-36 + 43) - -34
28
Calculate (9 - 30) + -3 - (1 - 3 - 6).
-16
What is -10 + 17 + 9 + (-1 - -3)?
18
What is 3 + 1 + -13 + 3 + -4 + 9?
-1
Evaluate 16 + -6 + 1 + -2.
9
What is 0 - 14 - (946 - 957)?
-3
What is the value of (1 - 0) + -22 + 25 + 5?
9
5 - 0 - (606 + -584)
-17
What is the value of -4 + 8 + 3 + -15 + (-4 - 1)?
-13
Calculate -154 + 145 + (6 - 0).
-3
(10 + (3 - (11 + 8)) - -12) + -21
-15
Evaluate -48 + (-11 - (-8 + -39)).
-12
Evaluate -35 - -43 - (5 + -2 + 12).
-7
Evaluate (-12 - -27 - 21) + (0 - 4).
-10
What is the value of 23 - (1 + 7) - 8?
7
What is the value of 24 + -9 + -24 - -20?
11
Calculate -9 + -1 + (-17 - (8 + (-8 - 4))).
-23
Evaluate (8 - 10) + 8 + 1 + -8 - -14.
13
Evaluate -1 - -5 - (-328 - -314).
18
Calculate -1 + -7 - (-12 + 27 + -39).
16
What is -28 + 21 - ((-1 - 1) + (-20 - -2))?
13
Calculate 2 - (-3 + -13 - -8) - 1.
9
Evaluate 6 + -5 + 28 - 20.
9
Evaluate -25 + 26 + 19 + -38.
-18
What is the value of 38 + (-42 - (7 - 31))?
20
21 + 24 + -38 - 18
-11
Calculate -10 - ((-47 - (13 - 11)) + 7).
32
What is the value of -7 + 15 + 1 - 2 - (0 - -1)?
6
Calculate 15 - ((-13 - -13) + 47) - 9.
-41
2 + (15 - 2) + -7
8
Evaluate -17 + -1 - (3 + 9 + -25 + 12).
-17
What is 0 + 1 + -6 - (-14 - -3) - 6?
0
(6 - -9) + (-18 + 10 - 8)
-1
3 + -34 - ((-10 - 10) + 10) - 0
-21
What is the value of -14 - (-24 - (16 + -21))?
5
Calculate -15 - (3 + (-8 - -3 - 2)).
-11
Calculate -9 + -7 + (3 - (-5 - (4 + -11))).
-15
Evaluate -5 + 14 - (7 + 24 + 0) - -6.
-16
Evaluate (13 - 5) + 8 + (-7 - 3) + 0.
6
Evaluate -105 - -99 - (11 + 0 + -3 + 0).
-14
Calculate 0 + -30 + -21 + 29.
-22
What is -48 - (35 - 74) - (-28 - 0 - -1)?
18
Calculate -14 + 3 + (-5 - 0) + 6.
-10
(17 - 0) + 363 + -385
-5
What is (-6 - -11) + -15 + 21 + (-4 - -2)?
9
Calculate (-37 - -41) + (11 - 4).
11
Calculate 12 + -22 + 0 - -15.
5
What is the value of (13 + -10 - 0) + -1 + -6?
-4
0 + 5 + -74 + 85
16
(1 + 2 - -1) + (-3 - (-14 + 29))
-14
1 - -2 - (8 + (-4 - -3))
-4
-4 + 36 + (-28 - -9)
13
What is -1 + 3 - -2 - (174 + -174)?
4
Calculate (-4 - (-4 + -3 + 0)) + 63 + -74.
-8
Evaluate -201 + 219 + (1 - 1).
18
Calculate (8 - 16) + (-13 - -7) + 4.
-10
What is (60 - 19) + -63 + -3?
-25
What is (35 + 0 - 20) + 0 + -4 + -6?
5
Calculate 58 + -37 - 36 - 15.
-30
Calculate 7 - 0 - (13 - 23 - (4 + -10)).
11
What is the value of -14 + 12 + -1 - 7?
-10
Calculate 10 + 7 + (-17 - -2).
2
Evaluate -1 - (-9 + 6 + -2) - -3.
7
Evaluate -21 + 41 + 0 + -38.
-18
2 + (-5 - -5) - (-9 + 13) - -10
8
What is the value of -5 + (3 - (14 + -20))?
4
5 + 11 + -12 - 2 - (-1 - -1)
2
Evaluate 1 + (-14 - (-11 + 15)) - 3.
-20
(9 - -2) + -67 + 52 - -35
31
What is -20 - (-19 - (2 - -10))?
11
What is 72 + -72 - (4 + -20)?
16
What is the value of -1 - (-10 - (5 - 23) - (7 + -1))?
-3
-7 + 1 + 2 + -62 + 63
-3
What is (4 - (-19 + 13)) + 2 + -2 + 30?
40
What is the value of (-9 - 3) + 7 + 25 + -9?
11
What is 144 - 158 - (5 + -33)?
14
What is the value of -13 + (2 - ((-10 - -9) + -8))?
-2
What is 4 - ((3 - 4) + (0 - 1)) - -4?
10
Calculate -7 - (-4 + 9) - (-7 - 11 - -8).
-2
What is -7 - (-6 - (-23 + 5))?
-19
What is -20 + 7 + (-2 - -5 - (-3 - -1))?
-8
What is (-6 - 0) + -24 + 10 - -10?
-10
Evaluate ((-8 - -12) + 4 - 4) + -17 + 4.
-9
What is the value of (8 - -1) + 7 + -8 + -19 + 28?
17
Calculate (-506 - -476) + 11 + -1.
-20
Calculate 17 + (1 - 0 - (13 - (12 - 6))).
11
What is the value of 13 - (2 - -4) - (3 + -1)?
5
9 + 0 + (-33 - (3 + -11))
-16
What is the value of 13 + -2 - (192 + -189)?
8
What is -1 + 8 + -62 + 84 + 11?
40
-1 + -3 + -4 + 16 - -4
12
What is (-14 - 0) + (-113 - -126)?
-1
1 - ((-128 - -161) + (1 - (1 + 5)))
-27
What is the value of (29 - 18) + (-1 + (3 - -1) - -1)?
15
What is 7 + 2 - (-16 + 9 + -10 - 1)?
27
Evaluate 3 + (13 - 15) + 29 + -4.
26
1 - (-6 - -17) - (2 + -25)
13
-8 - (-31 - (4 - (11 - 4)))
20
What is the value of -18 - (-6 + -14) - 10?
-8
-22 + (-2 + 5 - -33)
14
Calculate -7 - -3 - 3 - ((11 - 18) + 14).
-14
What is the value of (-21 - (15 + -16)) + 18 - -13?
11
What is the value of -3 - ((-6 - -2) + -5 + 5 + -7)?
8
-4 + -5 - 1 - -8
-2
Evaluate 7 + (13 - -20 - 48).
-8
What is the value of 1 - 2 - (-13 - -12 - -23 - 9)?
-14
What is the value of 24 + -31 + -4 - (-1 + (1 - -2))?
-13
Evaluate (-5 - -45 - 38) + -21.
-19
Evaluate (-15 - -10 - (3 + -12)) + 6.
10
What is the value of -4 + (-13 + 19 - (3 - (2 + -3)))?
-2
What is 0 + 1 - ((0 - 5) + (24 - 18))?
0
Calculate -32 + 5 + 1 - (-2 - (5 - -1)).
-18
What is the value of 4 + 2 + (-14 - (-3 - (3 + -9)))?
-11
What is -4 + 8 + -9 + -6 - 4?
-15
Calculate (1 - 10) + 27 + -10 + -1.
7
What is -2 - (-9 - (1 + -12)) - 15?
-19
(-16 - -2) + (-4 - -16 - 4)
-6
Calculate 8 + -7 - -7 - (-17 - -20).
5
(-13 - -3) + (-2 - -1 - 3) + -2
-16
31 + (-1 - 20 - 7)
3
What is -14 + (12 - -10) - -6?
14
Evaluate 30 + (-46 - -77 - 73).
-12
What is the value of (8 + -26 - -10) + 2 + -4 + 27?
17
What is -26 + 24 + (4 - 31) + 9?
-20
Evaluate -13 + (-11 - -52) + -13.
15
Calculate -12 + 11 + (-35 - (-37 + 19)).
-18
16 + (14 - 19) + 2
13
Evaluate 14 - (3 + -10 + 3).
18
What is -1 + 8 - (6 - (0 - 5))?
-4
Calculate -3 + (-2 - (-11 - 0) - 17).
-11
Evaluate 4 - (-7 + -3 + 25 + -1 + 7).
-17
Calculate (25 - 4) + (-2 - 2) + 9.
26
What is the value of -7 - ((-5 - -25) + -15)?
-12
What is 4 + (-1 + (4 - -3) - 18)?
-8
Calculate 275 + -276 - (12 - 0).
-13
Calculate -24 + (2 - (-3 - (-7 + (12 - 4)))).
-18
What is -34 + 7 - (78 - 85)?
-20
Evaluate 0 + -6 - (-16 + (4 + -7 - -1)).
12
(16 - 0) + -7 + (-1 - (-8 - -6))
10
38 + -34 + 1 + 3 + (-10 - -2)
0
Calculate 3 - -1 - (-9 + -19 + 4 + 15).
13
What is -270 + 291 + (-1 - 1)?
19
-15 + (1 - 12) + -106 + 128
-4
0 + (-6 - (5 + -35)) + -6
18
Calculate (-4 - (-14 - 3)) + -50 + 7.
-30
Calculate 7 + -22 + -19 - -19.
-15
-2 + (16 - (-5 + 12)) + -2
5
What is (20 - 11) + (16 - 46)?
-21
-539 + 586 + -2 + 2 + -17
30
What is 9 - 1 - (1 - (-55 + 39))?
-9
Evaluate (-24 - 0 - -33) + (-1 - -5) - 4.
9
Evaluate -8 - (6 + -12 + 1 + 2 + 7).
-12
What is 2 - 8 - (0 - 4) - 22?
-24
Evaluate -8 + 12 - (3 + -11).
12
Calculate -7 + -4 + (-6 - -24) + -9 + -1.
-3
5 - (-6 + -3 + 6 + 4)
4
What is -11 - (-9 + 6) - -10?
2
What is the value of -3 + 8 + (7 - 17) + -5?
-10
What is the value of 1 - (18 - (-1 + 8))?
-10
What is the value of -8 + (-12 + 10 - -27)?
17
Calculate 10 - 5 - 22 - (-41 + 31).
-7
(0 - -8 - 3) + (-62 - -57)
0
What is (-15 + (-4 - -15) - -5) + -10?
-9
What is 1168 + -1151 - (0 + 1)?
16
Calculate 16 - (-8 - (-21 - -2)).
5
Evaluate -16 + (12 - -11) + (-6 - -1).
2
Calculate 5 - (28 - -4) - (-9 - (-17 + 8)).
-27
What is 5 - (33 - 27) - 13?
-14
What is 15 - 19 - (14 + -8)?
-10
What is 6 - (-7 + 16 + -15)?
12
Calculate 4 + -3 + (38 + 9 + -12 - 5).
31
What is 3 + 53 + -2 + (-40 - -22)?
36
Calculate 22 + -7 + -21 - (-13 - 8).
15
-11 - (5 + 4) - (12 + -31)
-1
Calculate 12 + 3 + -3 + -6 + -46 + 19.
-21
Calculate 3 - (-4 - (12 + -10)).
9
-22 + 29 + 12 - 39
-20
Evaluate 0 + 9 + 0 + -56 + 35 - -7.
-5
Evaluate -4 + 2 + -1 - (3 + 1 + 4).
-11
What is the value of 2 - ((6 - 9 - 3) + -8)?
16
Evaluate (76 - 88) + -1 + 14.
1
Evaluate 1 + 0 + -53 + 22 - (13 - 20).
-23
What is the value of (-9 + 9 + -6 - -4) + (-3 - 2)?
-7
Evaluate (15 + -12 - 16) + 23.
10
-11 - (0 + -3 + (29 - 31)) - 4
-10
Evaluate -241 - -231 - ((-1 + 1 - -6) + 2).
-18
Calculate (-5 - -3) + 32 + (-39 - -4 - -30).
25
What is 13 + 3 + -6 + -2 + 9 + -8?
9
Evaluate (10 + -8 - -3) + -5.
0
Calculate -9 - ((-